{"id":328,"date":"2021-11-06T15:59:03","date_gmt":"2021-11-06T14:59:03","guid":{"rendered":"https:\/\/ricardo-pinto.ch\/?page_id=328"},"modified":"2021-11-07T22:32:50","modified_gmt":"2021-11-07T21:32:50","slug":"bourse","status":"publish","type":"page","link":"https:\/\/ricardo-pinto.ch\/?page_id=328","title":{"rendered":"Bourse"},"content":{"rendered":"\n<div class=\"wp-block-image is-style-rounded\"><figure class=\"aligncenter size-large\"><img loading=\"lazy\" decoding=\"async\" width=\"1215\" height=\"816\" src=\"https:\/\/ricardo-pinto.ch\/wp-content\/uploads\/2021\/11\/img_4520.jpg\" alt=\"\" class=\"wp-image-331\" srcset=\"https:\/\/ricardo-pinto.ch\/wp-content\/uploads\/2021\/11\/img_4520.jpg 1215w, https:\/\/ricardo-pinto.ch\/wp-content\/uploads\/2021\/11\/img_4520-300x201.jpg 300w, https:\/\/ricardo-pinto.ch\/wp-content\/uploads\/2021\/11\/img_4520-1024x688.jpg 1024w, https:\/\/ricardo-pinto.ch\/wp-content\/uploads\/2021\/11\/img_4520-768x516.jpg 768w\" sizes=\"auto, (max-width: 1215px) 100vw, 1215px\" \/><\/figure><\/div>\n\n\n\n<h1 class=\"has-text-align-center wp-block-heading\">La <strong>bourse<\/strong> <\/h1>\n\n\n\n<p class=\"has-text-align-center\">Je ne suis pas un grand sp\u00e9cialiste.  Mes conseils sont pour les d\u00e9butants qui ne veulent pas perdre des heures devant leur \u00e9cran mais souhaitent diversifier leurs investissements.<\/p>\n\n\n\n<div class=\"wp-block-cover alignfull has-background-dim-90 has-foreground-background-color has-background-dim has-parallax has-custom-content-position is-position-center-left\" style=\"background-image:url(https:\/\/ricardo-pinto.ch\/wp-content\/uploads\/2021\/11\/img_4521.jpg);aspect-ratio:unset;\"><div class=\"wp-block-cover__inner-container is-layout-flow wp-block-cover-is-layout-flow\">\n<h3 class=\"has-text-align-center margin-bottom-half has-background-color has-text-color wp-block-heading\" style=\"font-size:35px;line-height:1.26\"><strong>Avant de commencer <\/strong><\/h3>\n\n\n\n<p class=\"has-text-align-center margin-top-half\" style=\"font-size:17px;line-height:1.65\">Pour d\u00e9buter,  vous devez choisir une plateformes de trading :  soit la plateforme de votre banque,  soit une de trade exclusivement en ligne. Sur le site <a rel=\"noreferrer noopener\" href=\"http:\/\/www.moneylan.ch\" target=\"_blank\">www.<\/a><a rel=\"noreferrer noopener\" href=\"https:\/\/www.moneyland.ch\/fr\/trading-comparatif\" target=\"_blank\">moneyland<\/a><a rel=\"noreferrer noopener\" href=\"http:\/\/www.moneylan.ch\" target=\"_blank\">.ch<\/a> vous trouverez un comparatif des co\u00fbts des toutes les plateformes certifi\u00e9es par la Finma (autorit\u00e9 f\u00e9d\u00e9rale de surveillance des march\u00e9s financiers). Il est \u00e9galement important de savoir vous aurez des frais de garde pour vos actions d\u2019environ CHF 60.- par ann\u00e9e. Lors de l&#8217;achat et vente de titres, les frais de transaction d\u00e9pendent  du montant de l\u2019ordre pass\u00e9 mais au minimum CHF 25.- . Il est illusoire de croire r\u00e9aliser des b\u00e9n\u00e9fices en investissant CHF 1000.- r\u00e9partis sur plusieurs titres. Investissez plut\u00f4t CHF 2000.- par titre. Avec CHF 30.- frais d\u2019achat et encore CHF 30.- pour la vente, s\u2019assurer un b\u00e9n\u00e9fice devient difficile \u00e0 moins que l\u2019action monte \u00e9norm\u00e9ment ! (Exemple : avec un investissement de CHF 2000.- et une augmentation de 4% de l\u2019action vous gagneriez que CHF 20.- )<\/p>\n\n\n\n<p class=\"has-text-align-center margin-top-half\" style=\"font-size:17px;line-height:1.65\">\u00c7a ne fait r\u00eaver personne, mais soyez patients. <\/p>\n\n\n\n<p class=\"has-text-align-center margin-top-half\" style=\"font-size:17px;line-height:1.65\">Comment je suis peu actif  j\u2019ai opter pour PostFinance car les frais de garde de CHF 90.- sont convertis en &lt; cr\u00e9dits> utilisables pour payer les frais de transaction.  Cela m\u2019oblige \u00e0 bouger un peu si je ne veux pas perdre ce cr\u00e9dit. Ils ont aussi un bonus pour ceux qui sont tr\u00e8s actifs.<\/p>\n\n\n\n<p class=\"has-text-align-center margin-top-half\" style=\"font-size:17px;line-height:1.65\"><\/p>\n<\/div><\/div>\n\n\n\n<div style=\"height:30px\" aria-hidden=\"true\" class=\"wp-block-spacer\"><\/div>\n\n\n\n<div class=\"wp-block-cover alignfull has-background-dim-70 has-black-background-color has-background-dim has-custom-content-position is-position-center-right\"><div class=\"wp-block-cover__inner-container is-layout-flow wp-block-cover-is-layout-flow\">\n<h3 class=\"has-text-align-center margin-bottom-half has-background-color has-text-color wp-block-heading\" style=\"font-size:35px;line-height:1.26\"><strong>Quelles actions acheter?<\/strong><\/h3>\n\n\n\n<p class=\"has-text-align-left margin-top-half\" style=\"font-size:17px;line-height:1.65\">Personnellement  je n\u2019ai pas envie d\u2019\u00eatre tous les jours \u00e0 l\u2019aff\u00fbt du bon investissement, c\u2019est pourquoi quand<\/p>\n\n\n\n<p class=\"has-text-align-left margin-top-half\" style=\"font-size:17px;line-height:1.65\">j\u2019ach\u00e8te un action je regarde le montant en pourcentage de l\u00e0 dividende. Exemple le montant du dividende Orange FR en 2020 \u00e9tait de  9,46%, ce qui \u00e9quivaut, si vous aviez investi \u20ac2000.-, \u00e0 un versement  de \u20ac189.- sur votre compte. Ca commence \u00e0 devenir int\u00e9ressant.<\/p>\n\n\n\n<p class=\"has-text-align-left\">Je vous conseille \u00e9galement de regarder le cours moyen de l\u2019action sur les 5 derri\u00e8res ann\u00e9es et si le prix actuel est dans la moyenne et que v\u00f4tre but est de garder longtemps cette investissement, le risque de perdre de l\u2019argent est faible .<\/p>\n\n\n\n<p class=\"has-text-align-left\">Regardez aussi la date \u00e0 laquelle la dividende est pay\u00e9e. Souvent le cours monte juste avant le versement. <\/p>\n\n\n\n<p class=\"has-text-align-left\">Choisissez des placements avec un rendement annualis\u00e9 d&#8217;au moins 5% pour les valeurs que vous souhaitez garder longtemps. <\/p>\n\n\n\n<p class=\"has-text-align-left\">Si vous voulez sp\u00e9culer \u00e0 la hausse \u00e0 court terme, le montant du dividende n&#8217;est pas important par contre la date du versement oui !<\/p>\n<\/div><\/div>\n\n\n\n<div class=\"wp-block-cover alignfull has-background-dim-90 has-foreground-background-color has-background-dim has-parallax has-custom-content-position is-position-center-left\" style=\"background-image:url(https:\/\/ricardo-pinto.ch\/wp-content\/uploads\/2021\/11\/img_4524.jpg)\"><div class=\"wp-block-cover__inner-container is-layout-flow wp-block-cover-is-layout-flow\">\n<h3 class=\"has-text-align-center margin-bottom-half has-background-color has-text-color wp-block-heading\" style=\"font-size:35px;line-height:1.26\"><strong>Les crises<\/strong><\/h3>\n\n\n\n<p class=\"has-text-align-left margin-top-half\" style=\"font-size:17px;line-height:1.65\">Le meilleur moment pour investir est en p\u00e9riode de crise boursi\u00e8re. Le tout est de savoir quand acheter et surtout ne pas avoir peur si l\u2019action continue de d\u00e9gringoler. <\/p>\n\n\n\n<p class=\"has-text-align-left\">Observez la c\u00f4te sur plusieurs ann\u00e9es, souvent apr\u00e8s les baisses, il y a des hausses. Alors soyez patients, ne vous pr\u00e9cipitez pas, sp\u00e9culez \u00e0 la baisse. <\/p>\n\n\n\n<p class=\"has-text-align-left\">Sp\u00e9culer \u00e0 la baisse consiste \u00e0 vendre quand  l&#8217;action chute \u00e0 un moment pour acheter encore plus bas. Exemple vous avez \u20ac2000 d&#8217;actions Ceconomy achet\u00e9es en 2019 au cours de \u20ac5 soit 400 pi\u00e8ces. Avec la Covid, le cours est en baisse. A \u20ac4 vous pariez sur le fait que l\u2019action va continuer \u00e0 baisser, donc vous vendrez mais rachetez \u00e0 \u20ac3 ! Vous ne paniquez pas quand la cote tombe \u00e0 \u20ac1,8 en mars 2020 mais attendez. Aujourd\u2019hui (07.11.2021), elle est remont\u00e9e \u00e0 \u20ac 4,24.<\/p>\n\n\n\n<p class=\"has-text-align-left\"> R\u00e9sultat : vendu 400 actions X \u20ac4 = \u20ac1600\/ rachet\u00e9 pour \u20ac1600.- \u00e0 \u20ac3 = 533 action \/ aujourd&#8217;hui  la valeur de vous actions serait de 533 X 4.24 = \u20ac 2259 soit meilleur qu&#8217;au d\u00e9part  de \u20ac259.-  Si vous n&#8217;aviez pas boug\u00e9 la valeur aurait \u00e9t\u00e9 de 400X\u20ac4.24= \u20ac1696 .- soit moins bonne<span class=\"has-inline-color has-accent-color\"> de  \u20ac304.- <\/span><\/p>\n\n\n\n<p class=\"has-text-align-left\">Facile en th\u00e9orie mais plus difficile dans la pratique \ud83d\ude42  <\/p>\n\n\n\n<p class=\"has-text-align-left\">Si vous connaissez un peu la soci\u00e9t\u00e9 dans laquelle vous placez votre argent et que vous avez une vision \u00e0 long terme,  les placements boursiers sont toujours rentables.<\/p>\n\n\n\n<p><\/p>\n<\/div><\/div>\n","protected":false},"excerpt":{"rendered":"<p>La bourse Je ne suis pas un grand sp\u00e9cialiste. Mes conseils sont pour les d\u00e9butants qui ne veulent pas perdre des heures devant leur \u00e9cran mais souhaitent diversifier leurs investissements.<\/p>\n","protected":false},"author":1,"featured_media":0,"parent":0,"menu_order":0,"comment_status":"closed","ping_status":"closed","template":"","meta":{"om_disable_all_campaigns":false,"footnotes":""},"class_list":["post-328","page","type-page","status-publish","hentry"],"_links":{"self":[{"href":"https:\/\/ricardo-pinto.ch\/index.php?rest_route=\/wp\/v2\/pages\/328","targetHints":{"allow":["GET"]}}],"collection":[{"href":"https:\/\/ricardo-pinto.ch\/index.php?rest_route=\/wp\/v2\/pages"}],"about":[{"href":"https:\/\/ricardo-pinto.ch\/index.php?rest_route=\/wp\/v2\/types\/page"}],"author":[{"embeddable":true,"href":"https:\/\/ricardo-pinto.ch\/index.php?rest_route=\/wp\/v2\/users\/1"}],"replies":[{"embeddable":true,"href":"https:\/\/ricardo-pinto.ch\/index.php?rest_route=%2Fwp%2Fv2%2Fcomments&post=328"}],"version-history":[{"count":66,"href":"https:\/\/ricardo-pinto.ch\/index.php?rest_route=\/wp\/v2\/pages\/328\/revisions"}],"predecessor-version":[{"id":446,"href":"https:\/\/ricardo-pinto.ch\/index.php?rest_route=\/wp\/v2\/pages\/328\/revisions\/446"}],"wp:attachment":[{"href":"https:\/\/ricardo-pinto.ch\/index.php?rest_route=%2Fwp%2Fv2%2Fmedia&parent=328"}],"curies":[{"name":"wp","href":"https:\/\/api.w.org\/{rel}","templated":true}]}}